Calculate the remainder when (-3)/(-8) - (0 + v/56) is divided by 17.
16
Let d(q) = 2*q**3 - 5*q**2 - 3*q + 1. Let h be d(4). Let t = 14 - 0. Let f = h - t. Calculate the remainder when f is divided by 13.
10
Suppose -30*m = -514 - 386. Calculate the remainder when 142 is divided by m.
22
What is the remainder when 1052 + 12/24*-2 is divided by 17?
14
Suppose 2 = -2*k + 22. What is the remainder when 238 is divided by k?
8
Suppose -570 = -79*p + 1247. What is the remainder when 51 is divided by p?
5
Let s(n) = -n**3 + 13*n**2 - 12*n + 5. Suppose 0 = -4*m - 48. Let d = 0 - m. Calculate the remainder when d is divided by s(12).
2
Let y(m) = -m**3 + 47*m**2 + 45*m + 172. What is the remainder when y(48) is divided by 24?
4
Suppose -920 = -174*u + 164*u. What is the remainder when u is divided by 24?
20
Let a = 11 - -10. Let r be 1*(-6)/3 - -1. Calculate the remainder when r/(-4) - (-981)/12 is divided by a.
19
Suppose o + 31 = -0*o. Let r = o + 32. Let v = -13 + 14. What is the remainder when r is divided by v?
0
Let u = -498 + 522. What is the remainder when u is divided by 18?
6
Let k(q) = 6*q + 12. Calculate the remainder when k(12) is divided by 5.
4
Let q(y) = y**2 - 2*y - 1. Let l be q(-2). What is the remainder when (-3 + l - 7) + 19 is divided by 12?
4
Let g(t) = -t**2 + 28*t + 42. Suppose -4*d - 80 = -3*w - 5*d, 2*d + 8 = 0. What is the remainder when 208 is divided by g(w)?
40
Let u = 0 - -3. Suppose -u*k + 5*j + 4 = 0, -1 - 6 = -k - 4*j. Suppose 28 = -k*p + 5*p. What is the remainder when 24 is divided by p?
10
Suppose -x - 2*p + 58 = 0, -6*p + 5*p - 195 = -3*x. Calculate the remainder when x is divided by 17.
13
Let d(z) be the second derivative of 5*z**3/6 - z**2/2 + 2*z. Let k be d(5). Suppose k = m - 27. What is the remainder when m is divided by 18?
15
Let f = 359 + -238. What is the remainder when f is divided by 34?
19
Calculate the remainder when 323 is divided by (125/(-10))/((-3)/6).
23
What is the remainder when 85 is divided by (-7 - (-132)/20)/(8/(-380))?
9
Calculate the remainder when 1537 is divided by 7 + (-10 - (-279)/9).
25
Let j be 1*(-11 + 3 - -2). Let h be j*1 - (-1 + -1). Let k = h + 5. What is the remainder when 2 is divided by k?
0
Suppose -b = -4*f + 988, 4*f + 354 - 1362 = -4*b. What is the remainder when f is divided by 25?
23
Let z(l) = 6*l**2 - 34*l + 16. What is the remainder when z(10) is divided by 31?
28
Let x = -8 + 14. Suppose -48 = -3*i - 3*w, -w - 2*w = -x. What is the remainder when 40 is divided by i/6*(2 + 4)?
12
Suppose -5*n = -3*l + 192, -3*n - 64 = -l + 2*n. Calculate the remainder when l is divided by 11.
9
Suppose 2*x + t - 24 = 26, 50 = 2*x + 4*t. What is the remainder when 111 is divided by x?
11
Suppose 0*t = -3*t + 87. Suppose -9 = -z + t. Calculate the remainder when z is divided by 14.
10
Let n(b) = -2*b**3 + 154*b**2 - 158*b**2 + 5 + b**3. Suppose 0 = -0*g + 5*g - 35. What is the remainder when g is divided by n(-4)?
2
Let s(l) = 7*l**3 - 6*l**3 + 13*l - 15*l - 3 + 3*l**2. What is the remainder when 12 + 1 - 2 - -2 is divided by s(-2)?
3
Let m(u) = -u**3 + 15*u**2 - 2*u + 17. Let t be m(15). Let z(c) = -c**2 - 17*c - 40. What is the remainder when 44 is divided by z(t)?
8
Suppose 5*j + 289 = 3*y - 1970, -y + 753 = -3*j. Calculate the remainder when y is divided by 28.
25
Let t(g) = 5*g + 5*g + 9 + 3*g + g**3 - 3*g + 9*g**2. What is the remainder when 72 is divided by t(-7)?
35
Suppose 23*u + 7 = -959. Suppose f + 0*z = -3*z - 5, -3*f = -3*z + 51. Let r = f - u. Calculate the remainder when 81 is divided by r.
25
Suppose 7*w - 4*w - 351 = 0. Calculate the remainder when w is divided by 12.
9
Let a be 12/(-5) + 8/20. What is the remainder when 1/a + (-175)/(-10) is divided by ((-18)/10)/(8/(-40))?
8
Suppose -q = 15 - 18. Suppose -2*w + 12 = 2*f - 4*w, 2*f - q = -w. What is the remainder when 7 is divided by f?
1
Suppose 0 = -i - 3*a - 4, 2*i + 30 = 5*i - 5*a. Calculate the remainder when 429 is divided by i.
4
Let h = 181 + -115. Suppose 5*i - 3*i - 4*s = 66, -3*i + 5*s = -94. What is the remainder when h is divided by i?
20
Suppose -113 = -11*n - 3. What is the remainder when 26 is divided by n?
6
Let s(v) = v**2 - 5*v - 8. Let w be 4/(-14) - 357/(-49). Let l be s(w). Let k(m) = m - 4. What is the remainder when 3 is divided by k(l)?
1
Let c = 164 - 161. Let y = 29 + -19. What is the remainder when y is divided by c?
1
Suppose 42 = -4*p - 4*n + 742, 4*p - 724 = 4*n. What is the remainder when p is divided by 45?
43
Suppose 34 - 343 = -3*b. Calculate the remainder when b is divided by 52.
51
Let o be -84*3/((-45)/5). Let p = -19 + o. Calculate the remainder when 177 is divided by p.
6
Calculate the remainder when ((-1)/2)/(-7 - 349/(-50)) is divided by 13.
12
Let r be (35/(-4))/(10/(-120)). Suppose -5*l - 5 = 0, -2*j - 3*l - 30 = -r. What is the remainder when j is divided by 20?
19
Suppose 0 = -77*u + 28*u + 1421. What is the remainder when 153 is divided by u?
8
Suppose 13*s - 145 = -28. What is the remainder when 103 is divided by s?
4
Let y = 30 + 182. Suppose 503 = 5*z + f, 2*z - 4*f = f + y. Calculate the remainder when z is divided by 2/(-9) + 1416/54.
23
Let t = 70 - 49. Let s = -12 + 18. Suppose -h + b + 0*b + s = 0, 5*h - 46 = -3*b. Calculate the remainder when t is divided by h.
5
Calculate the remainder when 0/(-1 - -3) - -245 is divided by 19.
17
Suppose -2*y + 26 = -u, -4*u = -5*y + u + 60. Let q = -3 - -5. Suppose q*f - 3*f + 26 = 0. Calculate the remainder when f is divided by y.
12
Suppose -3*n - c = 17, 0 = 4*n + n + 2*c + 30. What is the remainder when 79 is divided by (2 + 0 + -9)/(n/12)?
16
Suppose -19*b + 4 = -17*b. Suppose 0 = 3*d - j - 177, -b*d = -7*d + 3*j + 291. What is the remainder when d is divided by 17?
9
Let r(n) = 2*n + 19. Let m be r(9). Suppose m = -5*a + 77. Let u = -18 + 49. Calculate the remainder when u is divided by a.
7
Suppose 23 = 3*i + 8. Let h(o) = -o**2 + 6. Let q be h(i). Calculate the remainder when 0 - (q - 0/(-3)) is divided by 10.
9
Let l = -95 + 166. Suppose -13 - l = -12*x. Calculate the remainder when 23 is divided by x.
2
Suppose 4*u + 2*i - 34 = 16, 44 = 4*u + 4*i. Let g = u + -11. What is the remainder when 12 - (-1 + 0)*-1 is divided by g?
2
Let p = -342 - -491. What is the remainder when p is divided by 35?
9
Suppose -t = 2 - 6. Suppose 77 + 351 = t*f. What is the remainder when f is divided by 36?
35
Suppose 0 = -2*b - p + 77, -2*p + 40 + 32 = 2*b. Calculate the remainder when 121 is divided by b.
39
Suppose 162 = 3*b + 120. Let x = -5 + 9. What is the remainder when b is divided by x?
2
Let k(l) be the first derivative of -l**4/4 - 16*l**3/3 - 3*l**2 + 2*l - 10. Let n be k(-16). Suppose -h + n = h. What is the remainder when h is divided by 10?
9
Suppose -15 = -3*p - m + 82, -6 = 3*m. Suppose 3*r + p = 3*f, 2*f - r = 3*r + 22. Let u(s) = 9*s**2 + 2*s. Calculate the remainder when u(-2) is divided by f.
10
Suppose 7*y + 360 = 5*i + 2*y, -4*i - 2*y = -270. Suppose -2*l + i = -3*w - 28, -4*w + 188 = 3*l. Calculate the remainder when l is divided by 19.
18
Suppose 5*q - 186 + 56 = 0. Suppose 2*t + q = n, 2*n = 3*n + 5*t - 40. Calculate the remainder when n is divided by 4/((-10)/(-4) - 2).
6
Let j(b) = -330*b - 20. Calculate the remainder when j(-3) is divided by 81.
79
Let t = 0 + 5. Let r = 9 + t. Let h = 118 - 63. Calculate the remainder when h is divided by r.
13
Let j(z) = -6*z + 14*z**2 + 3 - 22*z**2 + 10*z**2. Calculate the remainder when j(7) is divided by 12.
11
Let x = 118 - 71. Suppose g = -5, 3*d - 3*g - x = -d. Calculate the remainder when 30 is divided by d.
6
Let l = 129 - 121. Calculate the remainder when 21 is divided by l.
5
Let a(y) = -y**3 - 3*y**2 - y + 4. Let j = -71 - -67. Let o(h) = 12*h**2 + 1. What is the remainder when a(j) is divided by o(1)?
11
Let k(u) = -u - 3. Let m be k(-8). Suppose 2 = m*c - 5*q - 18, -4*c + 8 = 4*q. Suppose -63 = -4*p - c. What is the remainder when 72 is divided by p?
12
Suppose c - 5*x = 75, 8*c = 3*c - 4*x + 375. Calculate the remainder when c is divided by 34.
7
Let s(d) = 4*d**3 - 2*d**2 - 8*d + 4. Let q = -7 + 10. Calculate the remainder when s(q) is divided by 24.
22
Let o be 15 + 3*(-1)/1. Calculate the remainder when 9 is divided by 2/o - 174/(-36).
4
Suppose 4*r -